{"id":20,"date":"2012-08-01T19:41:40","date_gmt":"2012-08-01T19:41:40","guid":{"rendered":"http:\/\/edeka-schmoll.de\/?page_id=20"},"modified":"2020-02-13T12:46:42","modified_gmt":"2020-02-13T12:46:42","slug":"anfahrt","status":"publish","type":"page","link":"http:\/\/www.edeka-schmoll.de\/?page_id=20","title":{"rendered":"Anfahrt"},"content":{"rendered":"<p>Edeka Schmoll OHG (Hauptmarkt)<br \/>\nWitzenh\u00e4user Stra\u00dfe 15<br \/>\n34266 Niestetal-Heiligenrode<\/p>\n<p>Edeka Schmoll OHG (Getr\u00e4nkemarkt)<br \/>\nKasseler Stra\u00dfe\u00a02<br \/>\n34266 Niestetal-Heiligenrode<\/p>\n<div id=\"wpgmza_map\" class=\"wpgmza_map\" data-settings='{\"id\":\"1\",\"map_title\":\"Edeka Schmoll - Anfahrt\",\"map_width\":\"600\",\"map_height\":\"400\",\"map_start_lat\":\"51.307171\",\"map_start_lng\":\"9.576098\",\"map_start_location\":\"51.30717056876925,9.57609846984858\",\"map_start_zoom\":\"15\",\"default_marker\":\"\",\"type\":\"1\",\"alignment\":\"1\",\"directions_enabled\":\"0\",\"styling_enabled\":\"0\",\"styling_json\":\"\",\"active\":\"0\",\"kml\":\"\",\"bicycle\":\"0\",\"traffic\":\"0\",\"dbox\":\"0\",\"dbox_width\":\"\",\"listmarkers\":\"0\",\"listmarkers_advanced\":\"0\",\"filterbycat\":\"0\",\"ugm_enabled\":\"0\",\"ugm_category_enabled\":\"0\",\"fusion\":\"\",\"map_width_type\":\"px\",\"map_height_type\":\"px\",\"mass_marker_support\":\"0\",\"ugm_access\":\"0\",\"order_markers_by\":\"0\",\"order_markers_choice\":\"0\",\"show_user_location\":\"0\",\"default_to\":\"\",\"other_settings\":{\"store_locator_enabled\":2,\"store_locator_distance\":2,\"store_locator_default_radius\":\"10\",\"store_locator_not_found_message\":\"No results found in this location. Please try again.\",\"store_locator_bounce\":1,\"store_locator_query_string\":\"ZIP \\\/ Address:\",\"store_locator_default_address\":\"\",\"wpgmza_store_locator_restrict\":\"\",\"map_max_zoom\":\"1\",\"transport_layer\":0,\"wpgmza_theme_data\":\"\",\"wpgmza_show_points_of_interest\":1}}' data-map-id='1' Data-maps-engine='' data-shortcode-attributes='{\"id\":\"1\"}' style=\"display:block; overflow:auto; width:600px; height:400px; float:left;\"><\/div>\n","protected":false},"excerpt":{"rendered":"<p>Edeka Schmoll OHG (Hauptmarkt) Witzenh\u00e4user Stra\u00dfe 15 34266 Niestetal-Heiligenrode Edeka Schmoll OHG (Getr\u00e4nkemarkt) Kasseler Stra\u00dfe\u00a02 34266 Niestetal-Heiligenrode<\/p>\n","protected":false},"author":1,"featured_media":0,"parent":0,"menu_order":0,"comment_status":"closed","ping_status":"closed","template":"","meta":[],"_links":{"self":[{"href":"http:\/\/www.edeka-schmoll.de\/index.php?rest_route=\/wp\/v2\/pages\/20"}],"collection":[{"href":"http:\/\/www.edeka-schmoll.de\/index.php?rest_route=\/wp\/v2\/pages"}],"about":[{"href":"http:\/\/www.edeka-schmoll.de\/index.php?rest_route=\/wp\/v2\/types\/page"}],"author":[{"embeddable":true,"href":"http:\/\/www.edeka-schmoll.de\/index.php?rest_route=\/wp\/v2\/users\/1"}],"replies":[{"embeddable":true,"href":"http:\/\/www.edeka-schmoll.de\/index.php?rest_route=%2Fwp%2Fv2%2Fcomments&post=20"}],"version-history":[{"count":15,"href":"http:\/\/www.edeka-schmoll.de\/index.php?rest_route=\/wp\/v2\/pages\/20\/revisions"}],"predecessor-version":[{"id":1692,"href":"http:\/\/www.edeka-schmoll.de\/index.php?rest_route=\/wp\/v2\/pages\/20\/revisions\/1692"}],"wp:attachment":[{"href":"http:\/\/www.edeka-schmoll.de\/index.php?rest_route=%2Fwp%2Fv2%2Fmedia&parent=20"}],"curies":[{"name":"wp","href":"https:\/\/api.w.org\/{rel}","templated":true}]}}