{"id":14,"date":"2012-08-01T19:40:47","date_gmt":"2012-08-01T19:40:47","guid":{"rendered":"http:\/\/edeka-schmoll.de\/?page_id=14"},"modified":"2019-10-12T08:58:52","modified_gmt":"2019-10-12T08:58:52","slug":"impressum","status":"publish","type":"page","link":"http:\/\/www.edeka-schmoll.de\/?page_id=14","title":{"rendered":"Impressum"},"content":{"rendered":"<p>Angaben gem\u00e4\u00df \u00a7 5 TMG<\/p>\n<p>Schmoll OHG<br \/>\nWitzenh\u00e4user Stra\u00dfe 15<br \/>\n34266 Niestetal-Heiligenrode<\/p>\n<p>Telefonnummern<\/p>\n<p>Hauptmarkt: 0561 \/ 52 77 55<br \/>\nGetr\u00e4nkemarkt: 0561 \/ 93 72 22 86<\/p>\n<p>Per Fax erreichen Sie uns unter: 0561 \/ 52 92 95<\/p>\n<p><strong>Vertreten durch:\u00a0<\/strong><br \/>\nKai Schmoll<br \/>\nTatjana Ljaguschin<\/p>\n<p>Zust\u00e4ndige Aufsichtsbeh\u00f6rde: Kassel<br \/>\nZust\u00e4ndige Handelskammer: IHK Kassel<\/p>\n<p>Umst. Id-Nr. (gem\u00e4\u00df \u00a7 27 UStG): DE 275364376<br \/>\nEingetragen beim Amtsgericht Kassel,<\/p>\n<p><strong>Kontakt:\u00a0<\/strong><br \/>\nTel.: 0561 \/ 52 77 55<br \/>\nE-Mail: tatjana.ljaguschin (at) t-online.de<\/p>\n<p><strong>Verantwortlich f\u00fcr den Inhalt:<\/strong><\/p>\n<p>Kai Schmoll<\/p>\n<p><strong>Haftungsausschluss:\u00a0<\/strong><\/p>\n<p><strong>Haftung f\u00fcr Links<\/strong><\/p>\n<p>Unser Angebot enth\u00e4lt Links zu externen Webseiten Dritter, auf deren Inhalte wir keinen Einfluss haben. Deshalb k\u00f6nnen wir f\u00fcr diese fremden Inhalte auch keine Gew\u00e4hr \u00fcbernehmen. F\u00fcr die Inhalte der verlinkten Seiten ist stets der jeweilige Anbieter oder Betreiber der Seiten verantwortlich. Die verlinkten Seiten wurden zum Zeitpunkt der Verlinkung auf m\u00f6gliche Rechtsverst\u00f6\u00dfe \u00fcberpr\u00fcft. Rechtswidrige Inhalte waren zum Zeitpunkt der Verlinkung nicht erkennbar. Eine permanente inhaltliche Kontrolle der verlinkten Seiten ist jedoch ohne konkrete Anhaltspunkte einer Rechtsverletzung nicht zumutbar. Bei Bekanntwerden von Rechtsverletzungen werden wir derartige Links umgehend entfernen.<\/p>\n<p><strong>Datenschutz<\/strong><\/p>\n<p>Die Nutzung unserer Webseite ist in der Regel ohne Angabe personenbezogener Daten m\u00f6glich. Soweit auf unseren Seiten personenbezogene Daten (beispielsweise Name, Anschrift oder eMail-Adressen) erhoben werden, erfolgt dies, soweit m\u00f6glich, stets auf freiwilliger Basis. Diese Daten werden ohne Ihre ausdr\u00fcckliche Zustimmung nicht an Dritte weitergegeben.<br \/>\nWir weisen darauf hin, dass die Daten\u00fcbertragung im Internet (z.B. bei der Kommunikation per E-Mail) Sicherheitsl\u00fccken aufweisen kann. Ein l\u00fcckenloser Schutz der Daten vor dem Zugriff durch Dritte ist nicht m\u00f6glich.<br \/>\nDer Nutzung von im Rahmen der Impressumspflicht ver\u00f6ffentlichten Kontaktdaten durch Dritte zur \u00dcbersendung von nicht ausdr\u00fccklich angeforderter Werbung und Informationsmaterialien wird hiermit ausdr\u00fccklich widersprochen. Die Betreiber der Seiten behalten sich ausdr\u00fccklich rechtliche Schritte im Falle der unverlangten Zusendung von Werbeinformationen, etwa durch Spam-Mails, vor.<\/p>\n<div id=\"link\">Erstellt mit dem\u00a0<span style=\"color: #3366ff;\"><a href=\"http:\/\/www.impressum-generator.de\/\"><span style=\"color: #3366ff;\">Impressum Generator<\/span><\/a><\/span>\u00a0von Franziska Hasselbach,\u00a0<a href=\"http:\/\/www.kanzlei-hasselbach.de\/rechtsanwalt-unterhaltsrecht-koeln\/\">Rechtsanw\u00e4ltin f\u00fcr Unterhaltsrecht in K\u00f6ln<\/a><\/div>\n<p>&nbsp;<\/p>\n","protected":false},"excerpt":{"rendered":"<p>Angaben gem\u00e4\u00df \u00a7 5 TMG Schmoll OHG Witzenh\u00e4user Stra\u00dfe 15 34266 Niestetal-Heiligenrode Telefonnummern Hauptmarkt: 0561 \/ 52 77 55 Getr\u00e4nkemarkt: 0561 \/ 93 72 22 86 Per Fax erreichen Sie uns unter: 0561 \/ 52 92 95 Vertreten durch:\u00a0 Kai Schmoll Tatjana Ljaguschin Zust\u00e4ndige Aufsichtsbeh\u00f6rde: Kassel Zust\u00e4ndige Handelskammer: IHK Kassel \u2026 <a class=\"continue-reading-link\" href=\"http:\/\/www.edeka-schmoll.de\/?page_id=14\"> Continue reading<\/a><\/p>\n","protected":false},"author":1,"featured_media":0,"parent":0,"menu_order":0,"comment_status":"closed","ping_status":"closed","template":"","meta":[],"_links":{"self":[{"href":"http:\/\/www.edeka-schmoll.de\/index.php?rest_route=\/wp\/v2\/pages\/14"}],"collection":[{"href":"http:\/\/www.edeka-schmoll.de\/index.php?rest_route=\/wp\/v2\/pages"}],"about":[{"href":"http:\/\/www.edeka-schmoll.de\/index.php?rest_route=\/wp\/v2\/types\/page"}],"author":[{"embeddable":true,"href":"http:\/\/www.edeka-schmoll.de\/index.php?rest_route=\/wp\/v2\/users\/1"}],"replies":[{"embeddable":true,"href":"http:\/\/www.edeka-schmoll.de\/index.php?rest_route=%2Fwp%2Fv2%2Fcomments&post=14"}],"version-history":[{"count":13,"href":"http:\/\/www.edeka-schmoll.de\/index.php?rest_route=\/wp\/v2\/pages\/14\/revisions"}],"predecessor-version":[{"id":1467,"href":"http:\/\/www.edeka-schmoll.de\/index.php?rest_route=\/wp\/v2\/pages\/14\/revisions\/1467"}],"wp:attachment":[{"href":"http:\/\/www.edeka-schmoll.de\/index.php?rest_route=%2Fwp%2Fv2%2Fmedia&parent=14"}],"curies":[{"name":"wp","href":"https:\/\/api.w.org\/{rel}","templated":true}]}}